e remainder when 30 is divided by y.
3
Let w = -1954 - -2014. What is the remainder when 206 is divided by w?
26
Suppose -4*f + 4*a - 12 = -0*a, 0 = -4*f - a - 27. Let y(i) = -3*i**2 - 31*i. Calculate the remainder when y(f) is divided by 17.
10
Suppose 12 + 25 = -h. Let o be ((-12)/(-4) - h) + -1. Let c = -20 + o. Calculate the remainder when 35 is divided by c.
16
Let d = 108 + -85. Calculate the remainder when 62 is divided by d.
16
Suppose -32*x + 160 = -27*x. Calculate the remainder when 101 is divided by x.
5
Let m = -19 - -22. Suppose -5*p + m*b = -35, 3*p = p - 3*b - 7. What is the remainder when 19 is divided by ((-10)/p)/((-3)/6)?
4
Suppose 3*f - 276 = -189. What is the remainder when 317 is divided by f?
27
Let y = -24 + 13. Let m = y - -11. What is the remainder when 22 is divided by -1 - -2 - (m - 11)?
10
Let z(h) = -4*h + 65. What is the remainder when z(7) is divided by 13?
11
Let s = -117 - -335. What is the remainder when s is divided by 22?
20
Suppose 13 - 5 = 4*f. Suppose -f*d = -5*y + 30, -d + 12 = 2*y + 4*d. Suppose 4*x - 11 = 5. What is the remainder when y is divided by x?
2
Suppose -29 = -8*c + 67. Calculate the remainder when 646 is divided by c.
10
Let a = 229 - 200. Calculate the remainder when a is divided by 4.
1
Suppose 9*c = 221 - 761. Calculate the remainder when 73 is divided by 24/c + 97/5.
16
Let d be (-66)/9*9/(-3). Let q = 45 - d. Suppose -4*p = 3*y - 109, -32*y + 36*y = p + 177. Calculate the remainder when y is divided by q.
20
Suppose -9*x = -4*x - 300. Suppose -3*u - x = -8*u. What is the remainder when 23 is divided by u?
11
Let h(b) = 5*b**2 - 7*b + 13. Let w(j) = 1. Let p(z) = h(z) - 2*w(z). Calculate the remainder when p(5) is divided by 26.
23
Let b(o) = -o**2 - 2*o - 24. Let d be b(0). Calculate the remainder when 18/d - 115/(-4) is divided by 19.
9
Suppose 5*w + 5*f + 87 = 9*w, w + 2*f = 25. Suppose -o + w = p - 34, 4*p - 210 = 5*o. Calculate the remainder when p is divided by (-2)/(-7) + (-96)/(-7).
13
Suppose 5*u - 15 = 65. What is the remainder when 253 is divided by u?
13
Suppose 1193 - 218 = 13*s. Calculate the remainder when 146 is divided by s.
71
Suppose 24*p - 164 = 21*p - f, -2*p + 3*f = -124. What is the remainder when 70 is divided by p?
14
Let g = 290 - 131. Let c = -112 + g. Calculate the remainder when c is divided by 24.
23
Let i(a) = -17*a**2 + 2*a - 4. Let p be i(2). Let f = 79 + p. Calculate the remainder when 175 is divided by f.
10
Let l(m) = 28*m + 51. Calculate the remainder when l(8) is divided by 32.
19
Suppose 0 = 5*q - s - 29, 0*s - 2*s - 33 = -5*q. Suppose -q*v = 3*f - 89, 2*f + 2*v + 8 = 70. Calculate the remainder when f is divided by 9.
6
Let r = -16 + 32. Suppose -10*c + 7*c = -30. Calculate the remainder when r is divided by c.
6
Suppose -72 = -7*w + 11*w. Let j = 29 + w. Let x = -22 + 29. Calculate the remainder when j is divided by x.
4
Let a = -1987 + 2052. Suppose -4*s + 56 = 4*r, 4*s - 32 = -r + 15. Calculate the remainder when a is divided by s.
10
Let i(s) = -s - 5 - 42*s**2 - 1 + 43*s**2. What is the remainder when i(8) is divided by 13?
11
Let o = -78 + 158. Calculate the remainder when o is divided by (8/(-7))/(-4 - (-82)/126*6).
8
Suppose 3*b - 6*b = -789. Let r = -155 + b. Suppose -2*g - 4*y - 135 = -7*g, 0 = -4*g - 3*y + r. What is the remainder when 106 is divided by g?
25
Let f = 231 - 78. Calculate the remainder when f is divided by -3 + 24 - (-35 + 0)/7.
23
Calculate the remainder when 220 is divided by -3 + (-39)/(-13) + 7.
3
Let b be (-4)/(-12) - 11/(-3). Let v = b + 2. What is the remainder when (-9 - 4)/((-2)/v) is divided by 14?
11
Suppose 188 = o + o. Let k = o + -36. Calculate the remainder when k is divided by 20.
18
Let w = 1172 - 1110. What is the remainder when 618 is divided by w?
60
Suppose 0 = 3*f + w - 149, 2*f = 3*w + w + 90. Calculate the remainder when f is divided by 13.
10
Suppose 0 = -4*j - 3*a + 51, 4*j + 30*a = 25*a + 53. Calculate the remainder when 31 is divided by j.
7
Suppose 3*f - 184 = -f. Suppose -n = -4*n. Suppose 5*q - 5*g + 12 = 4*q, n = 2*q + 4*g - f. What is the remainder when 38 is divided by q?
12
What is the remainder when (5/(-1))/(30/(-642)) is divided by (-666)/(-24) - (-3)/(-4)?
26
Let p = 206 - 180. What is the remainder when 100 is divided by p?
22
Let o(g) = -12*g**2 + 88*g - 17. What is the remainder when 460 is divided by o(7)?
9
Let g(t) = t**2 + 5*t + 3. Let p(n) = n**3 - 9*n**2 - 11*n + 5. Let r be p(10). Calculate the remainder when 10 is divided by g(r).
1
Suppose 2*p - 1554 = -19*p. Let k = 8 - -17. What is the remainder when p is divided by k?
24
Suppose -4*u = -0*u + 12. What is the remainder when 3 + 15/u + 6 is divided by 3?
1
Let k(f) be the second derivative of f**4/12 + f**3 + f**2 - 3*f. Let g(r) = 1. Let l(c) = 3*g(c) - k(c). What is the remainder when 10 is divided by l(-5)?
4
Let s(y) = 2*y**2 + 17*y + 67. Calculate the remainder when s(0) is divided by 3.
1
Suppose 0 = -3*o, -2*r + 368 = -6*r + o. Let d(b) = 37*b + 24. What is the remainder when (1/(-2) - 0)*r is divided by d(0)?
22
Let s = 248 - -26. Let x = -150 + s. Suppose x = f + 2*f + 4*y, -10 = 2*y. Calculate the remainder when f is divided by 17.
14
Let u = 711 + -321. Let d = -256 + u. Calculate the remainder when d is divided by 17.
15
Calculate the remainder when 181 is divided by 2*(1 - -36)*(-7)/(-14).
33
Let c(w) = 32*w**2 - w - 2. Let r be c(2). Suppose 3*a - r = -a. Suppose -6*d = -17*d + 99. What is the remainder when a is divided by d?
4
Let y be ((-445)/(-20))/(3/24). Suppose -2*o + y = -2. Calculate the remainder when o is divided by 23.
21
Suppose 8 = -n + 10. Suppose -140 = -6*d + n*d. Calculate the remainder when 104 is divided by d.
34
Let n = -26 + 38. Let c = 5 + n. What is the remainder when 31 is divided by c?
14
Let t(d) = 2*d + 10. Let z be t(-7). Let h(u) = -u**3 - u**2 + u + 1. Let m = 8 - -16. What is the remainder when h(z) is divided by m?
21
Suppose 3*b = 3*j - j + 9, 4*b = 4*j + 12. Suppose -k - 4*g + 27 = 0, 2*k + g + 3*g - 74 = j. Calculate the remainder when k is divided by 16.
15
Let j(s) = -s**2 + 5*s + 13. Let m be j(8). Let p(w) = w + 25. Calculate the remainder when 54 is divided by p(m).
12
Suppose -3*v + 3*v = v. Suppose -8*k + 260 + 52 = v. What is the remainder when k is divided by 8?
7
Suppose 5 - 19 = -y. Let n be 40/25 - 4/(-10). Suppose 0*w = -w - 4*r + 60, n*w + 5*r = 105. What is the remainder when w is divided by y?
12
Let g be 2 - (-2 - -2) - 29. Let x = g + 30. Suppose 2*c - 3*i = 30, -x*c + 1 + 22 = i. Calculate the remainder when 44 is divided by c.
8
Let k(u) = -2*u - 5. Let f be k(-6). Let r(h) = h**2 - h - 5. Let c = 34 + -21. Calculate the remainder when r(f) is divided by c.
11
Suppose 18 + 57 = 5*t. Let r = 471 + -442. What is the remainder when r is divided by t?
14
Let o be (-2 + 3)*18/2. Let i(p) = p**2 - 6*p - 5. Let r be i(o). Let n = -12 + r. Calculate the remainder when n is divided by 7.
3
Let j(k) = k**2 - 22*k - 34. Let l = -14 - -20. What is the remainder when j(25) is divided by l?
5
Let z be (111/(-5))/(-1) + (-7)/35. Suppose 4*y - 42 = -2*p, -2*y - 2*p + z = -0. Calculate the remainder when 13 is divided by y.
3
Let q(c) = 3*c + 17. Calculate the remainder when 11 is divided by q(-4).
1
Let h(u) = u**3 - 13*u**2 + u + 5. Let v be h(13). Suppose 6*q - v*q = -252. What is the remainder when 58 is divided by q?
16
Suppose -4*c + 3 = -29. Suppose -z - w = -13, 4*z + 2*w - 25 = 17. Calculate the remainder when z*(-2 - -4) - 3 is divided by c.
5
What is the remainder when (-3)/(-9) + (-2150)/(-30) is divided by 38?
34
Let z(b) = -b**3 + 11*b**2 - 16*b - 9. Let c be z(9). What is the remainder when (-6)/c*(-6 - 33) is divided by 16?
10
Calculate the remainder when ((-3432)/(-182))/(-1*1/(-14)) is divided by 14.
12
Let m(c) = c**2 + 2*c + 4. Let v be (1491/(-14))/((-1)/2). Suppose -5*t - 4*p = -v, 3*t - 4*p = -p + 144. What is the remainder when t is divided by m(-4)?
9
What is the remainder when ((-5)/1)/((-21)/126) is divided by 9?
3
Let u(v) = -v**3 + 8*v**2 - 6*v - 15. Let z = -103 + 109. What is the remainder when u(z) is divided by 14*(1 + -1 + 1)?
7
Let q be 2 - 2 - (77 - 11). Let u = -42 - q. Calculate the remainder when 95 is divided by u.
23
Let v 